 - 16?
-32
In base 6, what is -4434 - 5?
-4443
In base 12, what is 2 + -3813?
-3811
In base 13, what is -3ba + -3?
-3c0
In base 10, what is -608 - 0?
-608
In base 10, what is 5 + -57?
-52
In base 2, what is -110010 - -100?
-101110
In base 15, what is d1 + 6d?
14e
In base 3, what is -11112022 + 0?
-11112022
In base 5, what is -2 + 1411?
1404
In base 14, what is 10a - 2?
108
In base 5, what is -11 - 342?
-403
In base 8, what is 26 - -6?
34
In base 14, what is -2 - -546?
544
In base 2, what is -101111110001 + 1?
-101111110000
In base 9, what is 115 + 2?
117
In base 12, what is -219 + 2?
-217
In base 11, what is 63a6 + -1?
63a5
In base 2, what is -110100 - 0?
-110100
In base 2, what is 1100010011 + -10?
1100010001
In base 11, what is 3a - a?
30
In base 7, what is -3 + 321?
315
In base 7, what is 5 - -15?
23
In base 9, what is -24 + 140?
115
In base 3, what is 1120 - -12?
1202
In base 7, what is 22 + -44?
-22
In base 6, what is 24111 - 5?
24102
In base 9, what is 828 - -1?
830
In base 13, what is 6255 + -3?
6252
In base 3, what is -12 - 2000021?
-2000110
In base 5, what is 120 + -11?
104
In base 16, what is 4 + -3?
1
In base 5, what is -142 - -2?
-140
In base 10, what is -172 - -3?
-169
In base 2, what is -10 - -1011101010?
1011101000
In base 10, what is -273 + 13?
-260
In base 8, what is 10 + 2?
12
In base 16, what is 4 - -11d?
121
In base 5, what is 44 + 13?
112
In base 15, what is 2 + -70?
-6d
In base 12, what is 233 + 3?
236
In base 10, what is -1 - 243?
-244
In base 8, what is 4 - 35?
-31
In base 3, what is -102101 + 1?
-102100
In base 16, what is 18 - 27?
-f
In base 5, what is 11 + -1401?
-1340
In base 9, what is 1182 + 1?
1183
In base 4, what is -121 + -10313?
-11100
In base 10, what is 1 - -43?
44
In base 14, what is 5 - 128?
-123
In base 16, what is -701d - 0?
-701d
In base 7, what is 224 - 54?
140
In base 9, what is -30 - 286?
-326
In base 16, what is -11a + 2?
-118
In base 2, what is -101001110 - 101110?
-101111100
In base 11, what is -460 - 5?
-465
In base 12, what is 30a - -5?
313
In base 9, what is -3 - 87?
-101
In base 11, what is -10 + 24?
14
In base 9, what is 5 - 185?
-180
In base 14, what is 6c9 + 0?
6c9
In base 13, what is 6 + -5?
1
In base 7, what is -30 - -4?
-23
In base 3, what is -12 + 2122020?
2122001
In base 10, what is -434 + 3?
-431
In base 4, what is 1 - -112303?
112310
In base 14, what is 4 - -2b3b?
2b41
In base 3, what is 21002 - -2221?
101000
In base 3, what is -22 - 2001?
-2100
In base 14, what is 337 + -b?
32a
In base 6, what is -1001 + 5?
-552
In base 3, what is -10002100 + 12?
-10002011
In base 14, what is 1d1 - -6?
1d7
In base 5, what is 1 + 1020?
1021
In base 15, what is -705 + 2?
-703
In base 4, what is 12 + 3010?
3022
In base 15, what is 61 - 3?
5d
In base 3, what is -11 - 22222001?
-22222012
In base 14, what is -215 + -20?
-235
In base 13, what is 17 + 47?
61
In base 6, what is -305 - 13?
-322
In base 3, what is -200002221 - -1?
-200002220
In base 13, what is -2618 - -5?
-2613
In base 4, what is 11312 + -2?
11310
In base 4, what is -1 + -22010?
-22011
In base 12, what is 16ba - -4?
1702
In base 8, what is -50 + -103?
-153
In base 11, what is -119 - 5?
-123
In base 9, what is 3444 + -1?
3443
In base 13, what is 27c - -3?
282
In base 13, what is -165 - -4?
-161
In base 5, what is 40133 + 4?
40142
In base 13, what is -25a + -5?
-262
In base 16, what is f3 - -1?
f4
In base 14, what is -bb - 5?
-c2
In base 14, what is -1b2 - 5?
-1b7
In base 5, what is 1 + 1000?
1001
In base 12, what is 196 + 18?
1b2
In base 16, what is 34 - 21?
13
In base 10, what is 109 + 29?
138
In base 2, what is -10000110 + -100?
-10001010
In base 13, what is 51 - -1b?
6c
In base 16, what is 2091 - -4?
2095
In base 5, what is 10301 + -3?
10243
In base 13, what is 322 - -4?
326
In base 6, what is 1 - -352?
353
In base 8, what is -125 - 0?
-125
In base 10, what is 81 + -29?
52
In base 10, what is 3 - 1556?
-1553
In base 16, what is -46a + 4?
-466
In base 13, what is 2b2 - -2?
2b4
In base 3, what is 12021 - -1100?
20121
In base 11, what is 0 - 162?
-162
In base 4, what is 11 + -11311?
-11300
In base 13, what is -518 + 2?
-516
In base 6, what is 1012 + 130?
1142
In base 10, what is 4 - -856?
860
In base 8, what is -4 + -50?
-54
In base 12, what is 82a - -1?
82b
In base 12, what is 4 + b?
13
In base 4, what is -32020 + -2?
-32022
In base 14, what is -1 - 15c?
-15d
In base 15, what is -164 + 5?
-15e
In base 3, what is 10121 - 0?
10121
In base 15, what is 45d + 5?
463
In base 14, what is -18a + 5?
-185
In base 13, what is -19 - 5?
-21
In base 5, what is -133 - 101?
-234
In base 2, what is 101 - 10010110000?
-10010101011
In base 2, what is 11 - 10101100?
-10101001
In base 11, what is -566 - 1?
-567
In base 2, what is 1 - 1001?
-1000
In base 3, what is -11 - -1211102?
1211021
In base 13, what is -3 + -c?
-12
In base 8, what is 2 - -2470?
2472
In base 3, what is 1010 - -11?
1021
In base 16, what is -48 + 4a?
2
In base 2, what is 11 - -1101000?
1101011
In base 13, what is -4 + 70?
69
In base 13, what is 14 + 5?
19
In base 15, what is -6bd8 + 4?
-6bd4
In base 15, what is -3 - 32b?
-32e
In base 6, what is -3 - -2211?
2204
In base 8, what is -140 - -76?
-42
In base 9, what is -3 - -47?
44
In base 3, what is -122111 + 2?
-122102
In base 9, what is 11 - -606?
617
In base 11, what is -12 + -39?
-50
In base 6, what is -324 + 5?
-315
In base 10, what is 34 + -5?
29
In base 8, what is -36647 + -2?
-36651
In base 14, what is -10d + -1?
-110
In base 5, what is 42 - -3304?
3401
In base 4, what is -3 + 213?
210
In base 5, what is 10 - -24?
34
In base 5, what is 2 - 111?
-104
In base 4, what is -223213 - -11?
-223202
In base 15, what is -5 - 39?
-3e
In base 8, what is -7 - -263?
254
In base 10, what is 68 + -1?
67
In base 5, what is 33 - -13?
101
In base 10, what is 31889 + -2?
31887
In base 4, what is -1111 - 0?
-1111
In base 8, what is 3 - -246?
251
In base 4, what is 1102102 - 1?
1102101
In base 8, what is 5 - -121?
126
In base 16, what is -57e + 1?
-57d
In base 6, what is -5 - 544?
-553
In base 8, what is -34 - -7?
-25
In base 14, what is c00 + -3?
bdb
In base 10, what is 55 + -1?
54
In base 12, what is 27 - -17?
42
In base 3, what is -20 - 1221?
-2011
In base 9, what is -4 - 84?
-88
In base 10, what is 9 - -5?
14
In base 12, what is -3a + -1?
-3b
In base 4, what is 0 + 1022231?
1022231
In base 8, what is -14 + -5?
-21
In base 12, what is -5 + 24?
1b
In base 10, what is 60 - -173?
233
In base 12, what is 277 + -5?
272
In base 6, what is 32 + 101?
133
In base 8, what is -211 + 2?
-207
In base 7, what is 3 - 353?
-350
In base 4, what is 0 + 112?
112
In base 16, what is -156 - 8?
-15e
In base 8, what is -3 - -1465?
1462
In base 7, what is -3 - 204?
-210
In base 4, what is 2 - 2222?
-2220
In base 15, what is 1 - -a5?
a6
In base 13, what is -2 + 254?
252
In base 13, what is 5 + 2358?
2360
In base 9, what is 3 + 2327?
2331
In base 10, what is -3080 + 4?
-3076
In base 12, what is -21 + 13?
-a
In base 12, what is -4 + -35?
-39
In base 12, what is a + -77?
-69
In base 10, what is 13 + 40?
53
In base 11, what is -1 + 196?
195
In base 9, what is -354 + -8?
-363
In base 6, what is -311 - 2?
-313
In base 15, what is -1 + 1e5?
1e4
In base 13, what is -340b - -3?
-3408
In base 12, what is -3 + 2103?
2100
In base 10, what is 44 - 3?
41
In base 13, what is -cbb - -5?
-cb6
In base 13, what is -398 + -5?
-3a0
In base 10, what is -6 + 4?
-2
In base 15, what is 1 - -560?
561
In base 5, what is 23202 + -4?
23143
In base 2, what is 101101101 - -101?
101110010
In base 11, what is 10 - -523?
533
In base 11, what is 0 - -7?
7
In base 10, what is 0 - 176?
-176
In base 10, what is 3 + 1057?
1060
In base 3, what is -1011 - 11?
-1022
In base 4, what is 11 - -320322?
320333
In base 15, what is -1 - -1b1?
1b0
In base 4, what is 1021 - -20?
1101
In base 14, what is -2329 - -1?
-2328
In base 8, what is 2321 + 2?
2323
In base 16, what is 18d + -d?
180
In base 12, what is -5 - -38?
33
In base 13, what is 2 - -36a?
36c
In base 4, what is 10 - -302010?
302020
In base 8, what is 3 + 133?
136
In base 4, what is 11 - 132?
-121
In base 7, what is 116 + 605?
1024
In base 2, what is -101 - -11100100?
11011111
In base 16, what is 13d + 3?
140
In base 4, what is -1123 + 30?
-1033
In base 3, what is -110